der when 130 is divided by 567/63 + 1 + g.
28
Let y(n) = n**3 - 65*n**2 + 338*n - 367. Calculate the remainder when y(60) is divided by 634.
11
Let a(c) = 669*c + 1566. Calculate the remainder when a(-2) is divided by 39.
33
Suppose 356*v - 2649 - 2194 = -927. What is the remainder when 1187 is divided by v?
10
Let x = 2387 + -2362. What is the remainder when 167 is divided by x?
17
Let r(w) = w**2 - 2*w - 7. Let t be r(4). What is the remainder when 226/((-24)/(-16) - t) is divided by 91?
88
Suppose 43*m - 39*m = 176. Suppose -52*s = -m*s - 600. Calculate the remainder when s is divided by 21.
12
Suppose 4*n = 3*n + u + 2, -3*n = 4*u - 34. Suppose o = n*o + 70. What is the remainder when (539/o)/((-2)/4) is divided by 39?
38
Calculate the remainder when 383 is divided by -15*527/(-85) + 5.
89
Let q(h) = h**3 - 36*h**2 - 86*h - 43. Let n be q(38). Let z = -414 - n. What is the remainder when 21 is divided by z?
3
Let f(i) = -i - 13. Let n(b) = -b**2 + b + 1. Let m(r) = -f(r) - n(r). Let j be m(0). Let g = 1 + j. Calculate the remainder when g is divided by 3.
1
Let x(s) = -2*s**3 - 144*s**2 - 145*s - 126. Calculate the remainder when x(-71) is divided by 15.
12
Let h(y) = -2*y**3 + 121*y**2 - 54*y - 320. Suppose -4*r = -9 - 71. What is the remainder when h(60) is divided by r?
0
Let s(r) = r**3 - 11*r**2 + 9*r - 1. Let u be s(10). Let b = 23 + u. Let q(i) = -2*i + 75. Calculate the remainder when q(21) is divided by b.
9
Suppose -3*m - 9 = -5*a + 5, -3*m = 2*a - 14. Suppose 2*h - 63 = -0*h - 3*k, -a*k + 58 = 2*h. What is the remainder when h is divided by 10?
9
Let r be 4/20*2*480. Suppose -53*q = -49*q + r. Let m = 53 + q. What is the remainder when 24 is divided by m?
4
Let r = -23847 + 24141. What is the remainder when r is divided by 99?
96
Let t be ((-4)/1 - -3)/((-2)/56). Suppose -29*b + t*b = -11. Suppose -u - b*u + 612 = 0. What is the remainder when u is divided by 26?
25
Let f(s) = s + 7. Let m be f(-7). Suppose m = c + 3*c - 128. Calculate the remainder when 157 is divided by c.
29
Let a = -11 - -28. Let s be (-2104)/(-24) - (-2 + 16/6). Let b = s - 41. Calculate the remainder when b is divided by a.
12
Suppose -18*a + 5277 = -2085. Calculate the remainder when a is divided by 52.
45
Let c be (30/8)/((-6)/(-544)). Let f = -321 + c. Calculate the remainder when 71 is divided by f.
14
Suppose 5*w - 11*w + 42 = 0. Calculate the remainder when w is divided by 10/((-15)/(-5) + 3)*3.
2
Let h(d) = -59*d + 806. Calculate the remainder when h(13) is divided by 21.
18
Let i(z) = z**2 - 32. Let x be i(0). Let d = x - -48. Calculate the remainder when (-219)/(-7) + 68/(-238) is divided by d.
15
Let w(o) = 219*o + 1339. Calculate the remainder when 184 is divided by w(-6).
9
Suppose -772*t = -791*t + 3952. Calculate the remainder when t is divided by 80.
48
Suppose 16 = -21*r + 29*r. Suppose l + 12 = 3*f - 67, l = -r*f + 51. Calculate the remainder when 99 is divided by f.
21
Suppose -39*w + 78*w - 4602 = 0. What is the remainder when w is divided by 109?
9
What is the remainder when 674 is divided by (3 + (-40)/14)/((-165120)/23590 + 7)?
0
Let k = -36 - -56. Let t(m) = -m**3 + 21*m**2 - 31*m - 45. Calculate the remainder when t(19) is divided by k.
8
Suppose 3*z - 2*z = -208. Let r be (-32)/z - (-2186)/(-13). Calculate the remainder when 65 is divided by 30/150 + r/(-10).
14
Let l = -1849 - -1852. Let o(w) = 2*w. Let m be o(1). Suppose -g + 235 = l*a - 2*g, -m*g = -4. Calculate the remainder when a is divided by 27.
25
Suppose -p + 84 = n + 18, 0 = p - 2*n - 63. Calculate the remainder when 98 is divided by p.
33
Suppose -10*a - 1412 - 3928 = 0. Let l = -203 - a. What is the remainder when l is divided by 56?
51
Let k(d) = 774*d**3 - 2*d**2 - 16*d + 18. Let f be k(1). Let p = 786 - f. Let o = 7 + 14. What is the remainder when o is divided by p?
9
Calculate the remainder when 518 is divided by 25/2*(-13468)/(-1295).
128
Let l = 12 + -2. Let x(w) = -w**3 - 9*w**2 + 62*w + 545. What is the remainder when x(-7) is divided by l?
3
Let w(q) = 12*q**2 - 3*q - 29. What is the remainder when 1219 is divided by w(-4)?
169
Suppose 105*m - 448*m + 117306 = 0. Calculate the remainder when m is divided by 18.
0
Let t(s) = 3*s - 3*s**2 + 3*s - 2 - 7*s. Let a be t(-1). What is the remainder when 2 is divided by (-54)/(-30) - a/(-5)?
0
Calculate the remainder when (-14)/2*(28 + -14 - 361) is divided by 187.
185
Let u(b) = -b**3 + b**2 - 1. Suppose 10 = -14*n + 9*n. Suppose -8 = -2*h - 2*m, -h - 4*m - 2 = -0*m. What is the remainder when u(n) is divided by h?
5
Let v = 179 - -77. Calculate the remainder when v is divided by 1 + (-3)/4 + (-412)/(-16).
22
Suppose -v + 76*b - 78*b + 1191 = 0, 2*v - 2412 = b. Calculate the remainder when v is divided by 55.
48
Suppose 4*b + 4*f - 83 = 9, 0 = -5*f + 15. What is the remainder when 512 is divided by b?
12
Let u(r) = -2329*r + 16475. What is the remainder when 1047 is divided by u(7)?
15
Let g(u) = u**2 - 29*u - 427. What is the remainder when 3052 is divided by g(-12)?
62
Let b(a) = -63*a - 830. What is the remainder when 204 is divided by b(-14)?
48
What is the remainder when 76 is divided by 215/7 - (2/35)/((-11)/55)?
14
Calculate the remainder when 107448/104 - 6/39 - -5 is divided by 138.
72
Suppose 4*w + 13*s = 9*s + 28672, 7*s + 35804 = 5*w. Calculate the remainder when w is divided by 34.
25
Let x(o) = o**2 - 6*o. Let v be x(7). Let q = v - 2. Calculate the remainder when ((-2)/3)/(18/(-351)) is divided by q.
3
What is the remainder when 130/26 - ((-4418)/8 + (-3)/(-12)) is divided by 166?
59
Let d = -4000 + 4085. What is the remainder when 160 is divided by d?
75
Let q = -1947 + 1954. Calculate the remainder when 940 is divided by q.
2
Suppose -477 - 819 = -9*a. Let z = a + -131. Suppose -2*m + 23 + 51 = 0. What is the remainder when m is divided by z?
11
Suppose -n - g = 4, -4*g = -5*n - 6 - 32. What is the remainder when (89 - 94)*(n - 1) is divided by (0 - -13)/((-1)/(-1))?
9
Suppose -w + 16*g + 615 = 12*g, -5*w + 4*g = -3043. What is the remainder when w is divided by 160?
127
Suppose -2*o - 9*w + 386 = -8*w, w = -5*o + 962. What is the remainder when 1518 is divided by o?
174
Let g(b) = -b**3 + 8*b**2 - 2*b - 8. Let c = -115 - -118. Calculate the remainder when 245 is divided by g(c).
28
Let j(u) = 3*u**2 + 186*u - 33. What is the remainder when j(-63) is divided by 153?
3
Suppose -126*a - 869 = -25439. Calculate the remainder when a is divided by 31.
9
Suppose -18*r = -7*r. Suppose -11*w - 11*w + 374 = r. Calculate the remainder when 453 is divided by w.
11
Let j(m) = -52*m - 582. Calculate the remainder when 1382 is divided by j(-12).
38
Let w = 1661 + -1634. What is the remainder when -4*(2 - 113/4) is divided by w?
24
What is the remainder when ((-51)/(-340))/((-4)/(-8780))*(-12)/(-9) is divided by 32?
23
Let m(u) = u**2 + u + 14. Let z(j) = j - 3. Let s be z(3). Let b(d) = -3*d**2 + 597*d + 1855. Calculate the remainder when b(-3) is divided by m(s).
9
Let j(s) = -s**2 - 6*s - 2. Let p be j(-5). Suppose 0 = -4*n + d + 27, 5*n = 4*d - p*d + 34. What is the remainder when 33 is divided by n?
5
Let a = -218 - -4772. What is the remainder when a is divided by 49?
46
Suppose 5*m + 11 = -i, 15*m = 10*m - 20. Suppose 4*x = i*x + 2*q - 45, -4*q = -x + 9. What is the remainder when 142 is divided by x?
7
Suppose 371 = 4*c + 3*r, -5*c - r + 277 = -2*c. What is the remainder when 447 is divided by c?
79
Let j(b) = 6*b**2 - 13*b + 11. Let z(a) = 6 + 0 - 3 - 2 + a**2. Let i(p) = j(p) - 5*z(p). What is the remainder when i(13) is divided by 4?
2
Suppose 43 = l + 5*j, -4*l - 2*j = -57 - 43. Suppose 2*g + 3*g + 7 = 2*t, 0 = 2*t + g - 13. What is the remainder when l is divided by t?
5
Suppose -10 = 2*f - 82. Let u(x) = 5*x + 85. Let y be u(-11). Suppose -y*b = -111 - 279. Calculate the remainder when f is divided by b.
10
Suppose 3*l + 3*k + 251 - 1001 = 0, -2*l + 5*k + 535 = 0. What is the remainder when l is divided by 10?
5
Let x(n) = n**2 + 6*n - 120. Calculate the remainder when 389 is divided by x(10).
29
Let n be (2*3/(-4))/((-6)/40). What is the remainder when 102 is divided by (-1448)/(-52) - n/(-65)?
18
Let b = 0 + 1. Suppose -4056 = -22*c + 256. Suppose 0 = -5*n + c - b. Calculate the remainder when 